{"id":6627,"date":"2019-06-08T11:56:27","date_gmt":"2019-06-08T10:56:27","guid":{"rendered":"https:\/\/www.moebel-spanrad.de\/?page_id=6627"},"modified":"2022-04-20T16:37:28","modified_gmt":"2022-04-20T14:37:28","slug":"objekteinrichtung","status":"publish","type":"page","link":"https:\/\/www.moebel-spanrad.de\/staging\/objekteinrichtung\/","title":{"rendered":"Objekteinrichtung"},"content":{"rendered":"<div class=\"wpb-content-wrapper\"><p>[vc_row][vc_column width=&#8220;2\/3&#8243;][vc_column_text]<\/p>\n<h1>Auf Ihre Bed\u00fcrfnisse zugeschnitten!<\/h1>\n<p>Zusammen mit \u00f6ffentlichen Einrichtungen, Architekten und Projektentwicklern realisieren wir Objekteinrichtungen K\u00fcchen in Rosenheim und auch dar\u00fcber hinaus. Hierzu z\u00e4hlen unter anderem K\u00fcchen f\u00fcr Wohngruppen, Service- und Vorrats-R\u00e4ume oder auch Arztpraxen.<\/p>\n<p>Im Bereich der behindertengerechten K\u00fcchen k\u00f6nnen wir hier unsere Kompetenzen als &#8222;Spezialist f\u00fcr K\u00f6rpergerecht geplante K\u00fcchen&#8220; einbringen.<\/p>\n<p>Zusammen mit Projetentwicklern und Bautr\u00e4gern realisieren wir im Bereich des Wohnungs- und Hausbaus ma\u00dfgeschneiderte L\u00f6sungen. Ob Typenwohnbau oder exklusive Penthouse-Wohnung, gemeinsam mit Architekten und Fachplanern finden wir die passende K\u00fcche. Nat\u00fcrlich richten wir auch <a href=\"https:\/\/www.moebel-spanrad.de\/schueller-kuechen-modell-fino-arctic-white\/\">gesamte Objekte<\/a> ein.<\/p>\n<p>Sprechen Sie uns einfach an und wir senden Ihnen einen Auszug an Referenzobjekten zu, die wir bereits umgesetzt haben.<\/p>\n<p>&nbsp;<\/p>\n<p>&nbsp;<\/p>\n<p>&nbsp;<\/p>\n<p>&nbsp;[\/vc_column_text][\/vc_column][vc_column width=&#8220;1\/3&#8243;][vc_single_image image=&#8220;2665&#8243; img_size=&#8220;full&#8220;][\/vc_column][\/vc_row][vc_row][vc_column]<div class=\"ult-spacer spacer-69eb943528365\" data-id=\"69eb943528365\" data-height=\"20\" data-height-mobile=\"20\" data-height-tab=\"20\" data-height-tab-portrait=\"\" data-height-mobile-landscape=\"\" style=\"clear:both;display:block;\"><\/div><style type=\"text\/css\" data-type=\"the7_shortcodes-inline-css\">.gallery-shortcode.gallery-masonry-shortcode-id-ea79422c02179ec85e0793494c63c8fb figure,\n.gallery-shortcode.gallery-masonry-shortcode-id-ea79422c02179ec85e0793494c63c8fb .rollover,\n.gallery-shortcode.gallery-masonry-shortcode-id-ea79422c02179ec85e0793494c63c8fb img,\n.gallery-shortcode.gallery-masonry-shortcode-id-ea79422c02179ec85e0793494c63c8fb .gallery-rollover {\n  border-radius: 0px;\n}\n.gallery-shortcode.gallery-masonry-shortcode-id-ea79422c02179ec85e0793494c63c8fb.enable-bg-rollover .gallery-rollover {\n  background: -webkit-linear-gradient();\n  background: linear-gradient();\n}\n.gallery-shortcode.gallery-masonry-shortcode-id-ea79422c02179ec85e0793494c63c8fb.enable-bg-rollover.hover-scale figure .rollover:after {\n  background: -webkit-linear-gradient();\n  background: linear-gradient();\n}\n.gallery-shortcode.gallery-masonry-shortcode-id-ea79422c02179ec85e0793494c63c8fb .gallery-zoom-ico {\n  width: 44px;\n  height: 44px;\n  line-height: 44px;\n  border-radius: 100px;\n  margin: -22px 0 0 -22px;\n  border-width: 0px;\n  color: #ffffff;\n}\n.dt-icon-bg-on.gallery-shortcode.gallery-masonry-shortcode-id-ea79422c02179ec85e0793494c63c8fb .gallery-zoom-ico {\n  background: rgba(255,255,255,0.3);\n  box-shadow: none;\n}\n.gallery-shortcode.gallery-masonry-shortcode-id-ea79422c02179ec85e0793494c63c8fb .gallery-zoom-ico:before,\n.gallery-shortcode.gallery-masonry-shortcode-id-ea79422c02179ec85e0793494c63c8fb .gallery-zoom-ico span {\n  font-size: 32px;\n  line-height: 44px;\n  color: #ffffff;\n}\n.gallery-shortcode.gallery-masonry-shortcode-id-ea79422c02179ec85e0793494c63c8fb:not(.resize-by-browser-width) .dt-css-grid {\n  grid-row-gap: 10px;\n  grid-column-gap: 10px;\n  grid-template-columns: repeat(auto-fill,minmax(,1fr));\n}\n.gallery-shortcode.gallery-masonry-shortcode-id-ea79422c02179ec85e0793494c63c8fb:not(.resize-by-browser-width) .dt-css-grid .double-width {\n  grid-column: span 2;\n}\n.cssgridlegacy.no-cssgrid .gallery-shortcode.gallery-masonry-shortcode-id-ea79422c02179ec85e0793494c63c8fb:not(.resize-by-browser-width) .dt-css-grid,\n.no-cssgridlegacy.no-cssgrid .gallery-shortcode.gallery-masonry-shortcode-id-ea79422c02179ec85e0793494c63c8fb:not(.resize-by-browser-width) .dt-css-grid {\n  display: flex;\n  flex-flow: row wrap;\n  margin: -5px;\n}\n.cssgridlegacy.no-cssgrid .gallery-shortcode.gallery-masonry-shortcode-id-ea79422c02179ec85e0793494c63c8fb:not(.resize-by-browser-width) .dt-css-grid .wf-cell,\n.no-cssgridlegacy.no-cssgrid .gallery-shortcode.gallery-masonry-shortcode-id-ea79422c02179ec85e0793494c63c8fb:not(.resize-by-browser-width) .dt-css-grid .wf-cell {\n  flex: 1 0 ;\n  max-width: 100%;\n  padding: 5px;\n  box-sizing: border-box;\n}\n.gallery-shortcode.gallery-masonry-shortcode-id-ea79422c02179ec85e0793494c63c8fb.resize-by-browser-width .dt-css-grid {\n  grid-template-columns: repeat(4,1fr);\n  grid-template-rows: auto;\n  grid-column-gap: 10px;\n  grid-row-gap: 10px;\n}\n.gallery-shortcode.gallery-masonry-shortcode-id-ea79422c02179ec85e0793494c63c8fb.resize-by-browser-width .dt-css-grid .double-width {\n  grid-column: span 2;\n}\n.cssgridlegacy.no-cssgrid .gallery-shortcode.gallery-masonry-shortcode-id-ea79422c02179ec85e0793494c63c8fb.resize-by-browser-width .dt-css-grid {\n  margin: -5px;\n}\n.cssgridlegacy.no-cssgrid .gallery-shortcode.gallery-masonry-shortcode-id-ea79422c02179ec85e0793494c63c8fb.resize-by-browser-width .dt-css-grid .wf-cell {\n  width: 25%;\n  padding: 5px;\n}\n.cssgridlegacy.no-cssgrid .gallery-shortcode.gallery-masonry-shortcode-id-ea79422c02179ec85e0793494c63c8fb.resize-by-browser-width .dt-css-grid .wf-cell.double-width {\n  width: calc(25%) * 2;\n}\n.gallery-shortcode.gallery-masonry-shortcode-id-ea79422c02179ec85e0793494c63c8fb.resize-by-browser-width:not(.centered-layout-list):not(.content-bg-on) .dt-css-grid {\n  grid-row-gap: 10px - ;\n}\n@media screen and (max-width: 1199px) {\n  .gallery-shortcode.gallery-masonry-shortcode-id-ea79422c02179ec85e0793494c63c8fb.resize-by-browser-width .dt-css-grid {\n    grid-template-columns: repeat(3,1fr);\n  }\n  .cssgridlegacy.no-cssgrid .gallery-shortcode.gallery-masonry-shortcode-id-ea79422c02179ec85e0793494c63c8fb.resize-by-browser-width .dt-css-grid .wf-cell,\n  .no-cssgridlegacy.no-cssgrid .gallery-shortcode.gallery-masonry-shortcode-id-ea79422c02179ec85e0793494c63c8fb.resize-by-browser-width .dt-css-grid .wf-cell {\n    width: 33.333333333333%;\n  }\n  .cssgridlegacy.no-cssgrid .gallery-shortcode.gallery-masonry-shortcode-id-ea79422c02179ec85e0793494c63c8fb.resize-by-browser-width .dt-css-grid .wf-cell.double-width,\n  .no-cssgridlegacy.no-cssgrid .gallery-shortcode.gallery-masonry-shortcode-id-ea79422c02179ec85e0793494c63c8fb.resize-by-browser-width .dt-css-grid .wf-cell.double-width {\n    width: calc(33.333333333333%)*2;\n  }\n}\n@media screen and (max-width: 991px) {\n  .gallery-shortcode.gallery-masonry-shortcode-id-ea79422c02179ec85e0793494c63c8fb.resize-by-browser-width .dt-css-grid {\n    grid-template-columns: repeat(2,1fr);\n  }\n  .cssgridlegacy.no-cssgrid .gallery-shortcode.gallery-masonry-shortcode-id-ea79422c02179ec85e0793494c63c8fb.resize-by-browser-width .dt-css-grid .wf-cell,\n  .no-cssgridlegacy.no-cssgrid .gallery-shortcode.gallery-masonry-shortcode-id-ea79422c02179ec85e0793494c63c8fb.resize-by-browser-width .dt-css-grid .wf-cell {\n    width: 50%;\n  }\n  .cssgridlegacy.no-cssgrid .gallery-shortcode.gallery-masonry-shortcode-id-ea79422c02179ec85e0793494c63c8fb.resize-by-browser-width .dt-css-grid .wf-cell.double-width,\n  .no-cssgridlegacy.no-cssgrid .gallery-shortcode.gallery-masonry-shortcode-id-ea79422c02179ec85e0793494c63c8fb.resize-by-browser-width .dt-css-grid .wf-cell.double-width {\n    width: calc(50%)*2;\n  }\n}\n@media screen and (max-width: 767px) {\n  .gallery-shortcode.gallery-masonry-shortcode-id-ea79422c02179ec85e0793494c63c8fb.resize-by-browser-width .dt-css-grid {\n    grid-template-columns: repeat(1,1fr);\n  }\n  .cssgridlegacy.no-cssgrid .gallery-shortcode.gallery-masonry-shortcode-id-ea79422c02179ec85e0793494c63c8fb.resize-by-browser-width .dt-css-grid .wf-cell,\n  .no-cssgridlegacy.no-cssgrid .gallery-shortcode.gallery-masonry-shortcode-id-ea79422c02179ec85e0793494c63c8fb.resize-by-browser-width .dt-css-grid .wf-cell {\n    width: 100%;\n  }\n  .cssgridlegacy.no-cssgrid .gallery-shortcode.gallery-masonry-shortcode-id-ea79422c02179ec85e0793494c63c8fb.resize-by-browser-width .dt-css-grid .wf-cell.double-width,\n  .no-cssgridlegacy.no-cssgrid .gallery-shortcode.gallery-masonry-shortcode-id-ea79422c02179ec85e0793494c63c8fb.resize-by-browser-width .dt-css-grid .wf-cell.double-width {\n    width: calc(100%)*2;\n  }\n}\n<\/style><div class=\"gallery-shortcode dt-gallery-container gallery-masonry-shortcode-id-ea79422c02179ec85e0793494c63c8fb mode-masonry jquery-filter dt-icon-bg-off scale-img enable-bg-rollover resize-by-browser-width  hover-fade loading-effect-none description-on-hover\" data-padding=\"5px\" data-cur-page=\"1\" data-post-limit=\"-1\" data-pagination-mode=\"none\" data-desktop-columns-num=\"4\" data-v-tablet-columns-num=\"2\" data-h-tablet-columns-num=\"3\" data-phone-columns-num=\"1\" data-width=\"0px\" data-columns=\"0\"><div class=\"iso-container\" ><div class=\"wf-cell iso-item\" data-post-id=\"6433\" data-date=\"2019-04-30T11:12:23+02:00\" data-name=\"Nolte Lux Artwood 2\"><figure class=\"post visible\"><a href=\"https:\/\/www.moebel-spanrad.de\/staging\/wp-content\/uploads\/2019\/04\/Nolte-Lux-Artwood-2.jpg\" class=\"rollover dt-pswp-item layzr-bg\" data-large_image_width=\"1920\" data-large_image_height=\"1440\" data-dt-img-description=\"\" title=\"Nolte Lux Artwood 2\"><img fetchpriority=\"high\" decoding=\"async\" class=\"preload-me iso-lazy-load aspect\" src=\"data:image\/svg+xml,%3Csvg%20xmlns%3D&#39;http%3A%2F%2Fwww.w3.org%2F2000%2Fsvg&#39;%20viewBox%3D&#39;0%200%20768%20576&#39;%2F%3E\" data-src=\"https:\/\/www.moebel-spanrad.de\/staging\/wp-content\/uploads\/2019\/04\/Nolte-Lux-Artwood-2-768x576.jpg\" data-srcset=\"https:\/\/www.moebel-spanrad.de\/staging\/wp-content\/uploads\/2019\/04\/Nolte-Lux-Artwood-2-768x576.jpg 768w, https:\/\/www.moebel-spanrad.de\/staging\/wp-content\/uploads\/2019\/04\/Nolte-Lux-Artwood-2-1152x864.jpg 1152w\" loading=\"eager\" style=\"--ratio: 768 \/ 576\" sizes=\"(max-width: 768px) 100vw, 768px\" alt=\"Nolte Lux Artwood 2\" width=\"768\" height=\"576\"  \/><span class=\"gallery-rollover\"><\/span><\/a><\/figure><\/div><div class=\"wf-cell iso-item\" data-post-id=\"2560\" data-date=\"2016-07-14T08:24:59+02:00\" data-name=\"Niesel-3\"><figure class=\"post visible\"><a href=\"https:\/\/www.moebel-spanrad.de\/staging\/wp-content\/uploads\/2016\/07\/Niesel-3.jpg\" class=\"rollover dt-pswp-item layzr-bg\" data-large_image_width=\"800\" data-large_image_height=\"600\" data-dt-img-description=\"Sch\u00fcller Gloss\" title=\"Niesel-3\"><img decoding=\"async\" class=\"preload-me iso-lazy-load aspect\" src=\"data:image\/svg+xml,%3Csvg%20xmlns%3D&#39;http%3A%2F%2Fwww.w3.org%2F2000%2Fsvg&#39;%20viewBox%3D&#39;0%200%20768%20576&#39;%2F%3E\" data-src=\"https:\/\/www.moebel-spanrad.de\/staging\/wp-content\/uploads\/2016\/07\/Niesel-3-768x576.jpg\" data-srcset=\"https:\/\/www.moebel-spanrad.de\/staging\/wp-content\/uploads\/2016\/07\/Niesel-3-768x576.jpg 768w, https:\/\/www.moebel-spanrad.de\/staging\/wp-content\/uploads\/2016\/07\/Niesel-3.jpg 800w\" loading=\"eager\" style=\"--ratio: 768 \/ 576\" sizes=\"(max-width: 768px) 100vw, 768px\" alt=\"\" width=\"768\" height=\"576\"  \/><span class=\"gallery-rollover\"><\/span><\/a><\/figure><\/div><div class=\"wf-cell iso-item\" data-post-id=\"1540\" data-date=\"2016-03-03T16:35:53+01:00\" data-name=\"Erlkam1\"><figure class=\"post visible\"><a href=\"https:\/\/www.moebel-spanrad.de\/staging\/wp-content\/uploads\/2016\/03\/Erlkam1.jpg\" class=\"rollover dt-pswp-item layzr-bg\" data-large_image_width=\"800\" data-large_image_height=\"600\" data-dt-img-description=\"Sch\u00fcller \" title=\"Erlkam1\"><img decoding=\"async\" class=\"preload-me iso-lazy-load aspect\" src=\"data:image\/svg+xml,%3Csvg%20xmlns%3D&#39;http%3A%2F%2Fwww.w3.org%2F2000%2Fsvg&#39;%20viewBox%3D&#39;0%200%20768%20576&#39;%2F%3E\" data-src=\"https:\/\/www.moebel-spanrad.de\/staging\/wp-content\/uploads\/2016\/03\/Erlkam1-768x576.jpg\" data-srcset=\"https:\/\/www.moebel-spanrad.de\/staging\/wp-content\/uploads\/2016\/03\/Erlkam1-768x576.jpg 768w, https:\/\/www.moebel-spanrad.de\/staging\/wp-content\/uploads\/2016\/03\/Erlkam1.jpg 800w\" loading=\"eager\" style=\"--ratio: 768 \/ 576\" sizes=\"(max-width: 768px) 100vw, 768px\" alt=\"\" width=\"768\" height=\"576\"  \/><span class=\"gallery-rollover\"><\/span><\/a><\/figure><\/div><div class=\"wf-cell iso-item\" data-post-id=\"6636\" data-date=\"2019-06-08T12:48:15+02:00\" data-name=\"Penthouse WU 1\"><figure class=\"post visible\"><a href=\"https:\/\/www.moebel-spanrad.de\/staging\/wp-content\/uploads\/2019\/06\/Penthouse-WU-1.jpg\" class=\"rollover dt-pswp-item layzr-bg\" data-large_image_width=\"900\" data-large_image_height=\"675\" data-dt-img-description=\"\" title=\"Penthouse WU 1\"><img decoding=\"async\" class=\"preload-me iso-lazy-load aspect\" src=\"data:image\/svg+xml,%3Csvg%20xmlns%3D&#39;http%3A%2F%2Fwww.w3.org%2F2000%2Fsvg&#39;%20viewBox%3D&#39;0%200%20768%20576&#39;%2F%3E\" data-src=\"https:\/\/www.moebel-spanrad.de\/staging\/wp-content\/uploads\/2019\/06\/Penthouse-WU-1-768x576.jpg\" data-srcset=\"https:\/\/www.moebel-spanrad.de\/staging\/wp-content\/uploads\/2019\/06\/Penthouse-WU-1-768x576.jpg 768w, https:\/\/www.moebel-spanrad.de\/staging\/wp-content\/uploads\/2019\/06\/Penthouse-WU-1.jpg 900w\" loading=\"eager\" style=\"--ratio: 768 \/ 576\" sizes=\"(max-width: 768px) 100vw, 768px\" alt=\"\" width=\"768\" height=\"576\"  \/><span class=\"gallery-rollover\"><\/span><\/a><\/figure><\/div><div class=\"wf-cell iso-item\" data-post-id=\"6637\" data-date=\"2019-06-08T12:48:17+02:00\" data-name=\"Rummelsberger 1\"><figure class=\"post visible\"><a href=\"https:\/\/www.moebel-spanrad.de\/staging\/wp-content\/uploads\/2019\/06\/Rummelsberger-1.jpg\" class=\"rollover dt-pswp-item layzr-bg\" data-large_image_width=\"900\" data-large_image_height=\"675\" data-dt-img-description=\"\" title=\"Rummelsberger 1\"><img decoding=\"async\" class=\"preload-me iso-lazy-load aspect\" src=\"data:image\/svg+xml,%3Csvg%20xmlns%3D&#39;http%3A%2F%2Fwww.w3.org%2F2000%2Fsvg&#39;%20viewBox%3D&#39;0%200%20768%20576&#39;%2F%3E\" data-src=\"https:\/\/www.moebel-spanrad.de\/staging\/wp-content\/uploads\/2019\/06\/Rummelsberger-1-768x576.jpg\" data-srcset=\"https:\/\/www.moebel-spanrad.de\/staging\/wp-content\/uploads\/2019\/06\/Rummelsberger-1-768x576.jpg 768w, https:\/\/www.moebel-spanrad.de\/staging\/wp-content\/uploads\/2019\/06\/Rummelsberger-1.jpg 900w\" loading=\"eager\" style=\"--ratio: 768 \/ 576\" sizes=\"(max-width: 768px) 100vw, 768px\" alt=\"\" width=\"768\" height=\"576\"  \/><span class=\"gallery-rollover\"><\/span><\/a><\/figure><\/div><div class=\"wf-cell iso-item\" data-post-id=\"6638\" data-date=\"2019-06-08T12:48:20+02:00\" data-name=\"Auhof 1\"><figure class=\"post visible\"><a href=\"https:\/\/www.moebel-spanrad.de\/staging\/wp-content\/uploads\/2019\/06\/Auhof-1.jpg\" class=\"rollover dt-pswp-item layzr-bg\" data-large_image_width=\"900\" data-large_image_height=\"675\" data-dt-img-description=\"\" title=\"Auhof 1\"><img decoding=\"async\" class=\"preload-me iso-lazy-load aspect\" src=\"data:image\/svg+xml,%3Csvg%20xmlns%3D&#39;http%3A%2F%2Fwww.w3.org%2F2000%2Fsvg&#39;%20viewBox%3D&#39;0%200%20768%20576&#39;%2F%3E\" data-src=\"https:\/\/www.moebel-spanrad.de\/staging\/wp-content\/uploads\/2019\/06\/Auhof-1-768x576.jpg\" data-srcset=\"https:\/\/www.moebel-spanrad.de\/staging\/wp-content\/uploads\/2019\/06\/Auhof-1-768x576.jpg 768w, https:\/\/www.moebel-spanrad.de\/staging\/wp-content\/uploads\/2019\/06\/Auhof-1.jpg 900w\" loading=\"eager\" style=\"--ratio: 768 \/ 576\" sizes=\"(max-width: 768px) 100vw, 768px\" alt=\"\" width=\"768\" height=\"576\"  \/><span class=\"gallery-rollover\"><\/span><\/a><\/figure><\/div><div class=\"wf-cell iso-item\" data-post-id=\"6639\" data-date=\"2019-06-08T12:48:23+02:00\" data-name=\"Auhof 2\"><figure class=\"post visible\"><a href=\"https:\/\/www.moebel-spanrad.de\/staging\/wp-content\/uploads\/2019\/06\/Auhof-2.jpg\" class=\"rollover dt-pswp-item layzr-bg\" data-large_image_width=\"900\" data-large_image_height=\"675\" data-dt-img-description=\"\" title=\"Auhof 2\"><img decoding=\"async\" class=\"preload-me iso-lazy-load aspect\" src=\"data:image\/svg+xml,%3Csvg%20xmlns%3D&#39;http%3A%2F%2Fwww.w3.org%2F2000%2Fsvg&#39;%20viewBox%3D&#39;0%200%20768%20576&#39;%2F%3E\" data-src=\"https:\/\/www.moebel-spanrad.de\/staging\/wp-content\/uploads\/2019\/06\/Auhof-2-768x576.jpg\" data-srcset=\"https:\/\/www.moebel-spanrad.de\/staging\/wp-content\/uploads\/2019\/06\/Auhof-2-768x576.jpg 768w, https:\/\/www.moebel-spanrad.de\/staging\/wp-content\/uploads\/2019\/06\/Auhof-2.jpg 900w\" loading=\"eager\" style=\"--ratio: 768 \/ 576\" sizes=\"(max-width: 768px) 100vw, 768px\" alt=\"\" width=\"768\" height=\"576\"  \/><span class=\"gallery-rollover\"><\/span><\/a><\/figure><\/div><div class=\"wf-cell iso-item\" data-post-id=\"6640\" data-date=\"2019-06-08T12:48:25+02:00\" data-name=\"Justizzentrum 1\"><figure class=\"post visible\"><a href=\"https:\/\/www.moebel-spanrad.de\/staging\/wp-content\/uploads\/2019\/06\/Justizzentrum-1.jpg\" class=\"rollover dt-pswp-item layzr-bg\" data-large_image_width=\"900\" data-large_image_height=\"675\" data-dt-img-description=\"\" title=\"Justizzentrum 1\"><img decoding=\"async\" class=\"preload-me iso-lazy-load aspect\" src=\"data:image\/svg+xml,%3Csvg%20xmlns%3D&#39;http%3A%2F%2Fwww.w3.org%2F2000%2Fsvg&#39;%20viewBox%3D&#39;0%200%20768%20576&#39;%2F%3E\" data-src=\"https:\/\/www.moebel-spanrad.de\/staging\/wp-content\/uploads\/2019\/06\/Justizzentrum-1-768x576.jpg\" data-srcset=\"https:\/\/www.moebel-spanrad.de\/staging\/wp-content\/uploads\/2019\/06\/Justizzentrum-1-768x576.jpg 768w, https:\/\/www.moebel-spanrad.de\/staging\/wp-content\/uploads\/2019\/06\/Justizzentrum-1.jpg 900w\" loading=\"eager\" style=\"--ratio: 768 \/ 576\" sizes=\"(max-width: 768px) 100vw, 768px\" alt=\"\" width=\"768\" height=\"576\"  \/><span class=\"gallery-rollover\"><\/span><\/a><\/figure><\/div><\/div><!-- iso-container|iso-grid --><\/div><div class=\"ult-spacer spacer-69eb94352a918\" data-id=\"69eb94352a918\" data-height=\"30\" data-height-mobile=\"30\" data-height-tab=\"30\" data-height-tab-portrait=\"\" data-height-mobile-landscape=\"\" style=\"clear:both;display:block;\"><\/div>[\/vc_column][\/vc_row]<\/p>\n<\/div>","protected":false},"excerpt":{"rendered":"<p>[vc_row][vc_column width=&#8220;2\/3&#8243;][vc_column_text] Auf Ihre Bed\u00fcrfnisse zugeschnitten! Zusammen mit \u00f6ffentlichen Einrichtungen, Architekten und Projektentwicklern realisieren wir Objekteinrichtungen K\u00fcchen in Rosenheim und auch dar\u00fcber hinaus. Hierzu z\u00e4hlen unter anderem K\u00fcchen f\u00fcr Wohngruppen,<\/p>\n","protected":false},"author":2,"featured_media":0,"parent":0,"menu_order":0,"comment_status":"closed","ping_status":"closed","template":"","meta":{"ngg_post_thumbnail":0,"footnotes":""},"class_list":["post-6627","page","type-page","status-publish","hentry","description-off"],"publishpress_future_action":{"enabled":false,"date":"2026-05-01 18:03:01","action":"change-status","newStatus":"draft","terms":[],"taxonomy":""},"_links":{"self":[{"href":"https:\/\/www.moebel-spanrad.de\/staging\/wp-json\/wp\/v2\/pages\/6627"}],"collection":[{"href":"https:\/\/www.moebel-spanrad.de\/staging\/wp-json\/wp\/v2\/pages"}],"about":[{"href":"https:\/\/www.moebel-spanrad.de\/staging\/wp-json\/wp\/v2\/types\/page"}],"author":[{"embeddable":true,"href":"https:\/\/www.moebel-spanrad.de\/staging\/wp-json\/wp\/v2\/users\/2"}],"replies":[{"embeddable":true,"href":"https:\/\/www.moebel-spanrad.de\/staging\/wp-json\/wp\/v2\/comments?post=6627"}],"version-history":[{"count":0,"href":"https:\/\/www.moebel-spanrad.de\/staging\/wp-json\/wp\/v2\/pages\/6627\/revisions"}],"wp:attachment":[{"href":"https:\/\/www.moebel-spanrad.de\/staging\/wp-json\/wp\/v2\/media?parent=6627"}],"curies":[{"name":"wp","href":"https:\/\/api.w.org\/{rel}","templated":true}]}}